{"id":107,"date":"2021-08-10T16:16:15","date_gmt":"2021-08-10T14:16:15","guid":{"rendered":"http:\/\/192.168.21.183\/?page_id=53"},"modified":"2025-07-25T17:40:33","modified_gmt":"2025-07-25T15:40:33","slug":"mon-cv","status":"publish","type":"page","link":"https:\/\/tkrug.fr\/index.php\/mon-cv\/","title":{"rendered":"Mon CV"},"content":{"rendered":"\n<p>Un aper\u00e7u de mon CV&#8230;<\/p>\n\n\n\n<p>Si vous souhaitez avoir mon CV au format PDF et plus d\u00e9taill\u00e9, vous pouvez me contacter via le formulaire de la <a href=\"https:\/\/tkrug.fr\/index.php\/contact\/\" data-type=\"page\" data-id=\"71\">page contact<\/a>. Je vous transmettrais alors par mail le CV. <\/p>\n\n\n\n<div class=\"wp-block-columns is-layout-flex wp-container-core-columns-is-layout-28f84493 wp-block-columns-is-layout-flex\"><\/div>\n\n\n\n<h2 class=\"wp-block-heading has-accent-color has-text-color has-large-font-size\"><strong>Pour en savoir plus<\/strong><\/h2>\n\n\n\n<p>Issu d&rsquo;un baccalaur\u00e9at Scientifique option SVT, je me suis d&rsquo;abord tourn\u00e9 sur les sciences de la Terre avant de me tourner vers une formation informatique, aujourd&rsquo;hui employ\u00e9 en tant que Responsable de la S\u00e9curit\u00e9 du Syst\u00e8me d&rsquo;Information et administrateur syst\u00e8mes dans une grande universit\u00e9, l&rsquo;Universit\u00e9 de la C\u00f4te d&rsquo;Azur.<\/p>\n\n\n\n<p>Passionn\u00e9 depuis tr\u00e8s jeune des technologies de communications et d&rsquo;information, j&rsquo;ai voulu mettre un point d&rsquo;honneur \u00e0 acqu\u00e9rir des comp\u00e9tences, d&rsquo;abord de mani\u00e8re autonome, puis par ma formation en BTS. Je continue chaque jour \u00e0 apprendre, que ce soit professionelement, ou personnelement \u00e0 l&rsquo;aide de serveurs.<\/p>\n\n\n\n<p>Mes \u00e9tudes se sont termin\u00e9es il y a longtemps, et je n&rsquo;ai malheureusement pas eu la chance de pouvoir faire des \u00e9tudes plus pouss\u00e9es lorsque j&rsquo;\u00e9tais plus jeune. Je suis conscient que la seule mani\u00e8re d&rsquo;avoir une reconnaissance de mes comp\u00e9tences au niveau international sont de se certifier. Pour cela, je suis actuellement en train d&rsquo;\u00e9tudier pour passer la certification ISC2 SSCP (System Security Certified Practitioner) et ISO 27001 Lead Impl\u00e9menterez. Malheureusement, il me manque 2 \u00e0 3 ans d&rsquo;exp\u00e9rience professionnelle en cybers\u00e9curit\u00e9 pour pouvoir pr\u00e9tendre \u00e0 la certification ISC2 CISSP, que je passerai donc, dans quelques ann\u00e9es. <\/p>\n\n\n\n<hr class=\"wp-block-separator has-alpha-channel-opacity\"\/>\n\n\n\n<div style=\"height:30px\" aria-hidden=\"true\" class=\"wp-block-spacer\"><\/div>\n\n\n\n<h2 class=\"wp-block-heading has-accent-color has-text-color has-large-font-size\"><strong>Formations<\/strong><\/h2>\n\n\n\n<div style=\"height:20px\" aria-hidden=\"true\" class=\"wp-block-spacer\"><\/div>\n\n\n\n<div class=\"wp-block-columns is-layout-flex wp-container-core-columns-is-layout-28f84493 wp-block-columns-is-layout-flex\">\n<div class=\"wp-block-column is-layout-flow wp-block-column-is-layout-flow\">\n<div class=\"wp-block-group\"><div class=\"wp-block-group__inner-container is-layout-flow wp-block-group-is-layout-flow\">\n<p><strong>Institut Stanislas &#8211; Cannes (06)<\/strong><\/p>\n\n\n\n<p class=\"has-text-color\" style=\"color:#999999\"><em>1996-2010<\/em><\/p>\n\n\n\n<p>Baccalaur\u00e9at S &#8211; Option SVT<\/p>\n<\/div><\/div>\n<\/div>\n\n\n\n<div class=\"wp-block-column is-layout-flow wp-block-column-is-layout-flow\">\n<div class=\"wp-block-group\"><div class=\"wp-block-group__inner-container is-layout-flow wp-block-group-is-layout-flow\">\n<p><strong>Universit\u00e9 de Nice Sophia &#8211; Nice (06)<\/strong><\/p>\n\n\n\n<p class=\"has-text-color\" style=\"color:#999999\"><em>2010-2011<\/em><\/p>\n\n\n\n<p>1\u00e8re ann\u00e9e de Licence Sciences de la Terre et de l&rsquo;Environnement<\/p>\n<\/div><\/div>\n<\/div>\n<\/div>\n\n\n\n<div class=\"wp-block-columns is-layout-flex wp-container-core-columns-is-layout-28f84493 wp-block-columns-is-layout-flex\">\n<div class=\"wp-block-column is-layout-flow wp-block-column-is-layout-flow\">\n<div class=\"wp-block-group\"><div class=\"wp-block-group__inner-container is-layout-flow wp-block-group-is-layout-flow\">\n<p><strong>Lyc\u00e9e E.Bouchardon &#8211; Chaumont (52)<\/strong><\/p>\n\n\n\n<p class=\"has-text-color\" style=\"color:#999999\"><em>2012-2014<\/em><\/p>\n\n\n\n<p>Brevet de Technicien Sup\u00e9rieur<\/p>\n\n\n\n<p>Services Informatiques aux Organisations &#8211; Mention TB<\/p>\n<\/div><\/div>\n<\/div>\n\n\n\n<div class=\"wp-block-column is-layout-flow wp-block-column-is-layout-flow\">\n<div class=\"wp-block-group\"><div class=\"wp-block-group__inner-container is-layout-flow wp-block-group-is-layout-flow\">\n<p><strong>Universit\u00e9 Paul Sabatier &#8211; Toulouse (31)<\/strong><\/p>\n\n\n\n<p class=\"has-text-color\" style=\"color:#999999\"><em>2014-2015<\/em><\/p>\n\n\n\n<p>2\u00e8me ann\u00e9e de Licence Informatique<\/p>\n<\/div><\/div>\n<\/div>\n<\/div>\n\n\n\n<hr class=\"wp-block-separator has-alpha-channel-opacity\"\/>\n\n\n\n<div style=\"height:30px\" aria-hidden=\"true\" class=\"wp-block-spacer\"><\/div>\n\n\n\n<h2 class=\"wp-block-heading has-accent-color has-text-color has-large-font-size\"><strong>Exp\u00e9rience<\/strong><\/h2>\n\n\n\n<div class=\"wp-block-columns is-layout-flex wp-container-core-columns-is-layout-28f84493 wp-block-columns-is-layout-flex\">\n<div class=\"wp-block-column is-layout-flow wp-block-column-is-layout-flow\">\n<div class=\"wp-block-group\"><div class=\"wp-block-group__inner-container is-layout-flow wp-block-group-is-layout-flow\">\n<p><strong>Universit\u00e9 de la C\u00f4te d&rsquo;Azur &#8211; Nice (06)<\/strong><\/p>\n\n\n\n<p class=\"has-text-color\" style=\"color:#999999\"><em>Juillet 2023 &#8211; Pr\u00e9sent<\/em><\/p>\n\n\n\n<p>Responsable de la S\u00e9curit\u00e9 du Syst\u00e8me d&rsquo;Information (RSSI)<br>Administrateur Syst\u00e8mes<\/p>\n<\/div><\/div>\n<\/div>\n\n\n\n<div class=\"wp-block-column is-layout-flow wp-block-column-is-layout-flow\">\n<div class=\"wp-block-group\"><div class=\"wp-block-group__inner-container is-layout-flow wp-block-group-is-layout-flow\">\n<div class=\"wp-block-group\"><div class=\"wp-block-group__inner-container is-layout-flow wp-block-group-is-layout-flow\">\n<p><strong>MECANO ID &#8211; Toulouse (31)<\/strong><\/p>\n\n\n\n<p class=\"has-text-color\" style=\"color:#999999\"><em>Juin 2018 &#8211; Juillet 2023<\/em><\/p>\n\n\n\n<p>Administrateur Syst\u00e8mes et R\u00e9seaux<\/p>\n<\/div><\/div>\n<\/div><\/div>\n<\/div>\n<\/div>\n\n\n\n<div class=\"wp-block-columns is-layout-flex wp-container-core-columns-is-layout-28f84493 wp-block-columns-is-layout-flex\">\n<div class=\"wp-block-column is-layout-flow wp-block-column-is-layout-flow\">\n<div class=\"wp-block-group\"><div class=\"wp-block-group__inner-container is-layout-flow wp-block-group-is-layout-flow\">\n<p><strong>Living Objects &#8211; Toulouse (31)<\/strong><\/p>\n\n\n\n<p class=\"has-text-color\" style=\"color:#999999\"><em>Juillet 2016 &#8211; Juin 2018<\/em><\/p>\n\n\n\n<p>Administrateur Syst\u00e8mes et R\u00e9seaux<\/p>\n<\/div><\/div>\n<\/div>\n\n\n\n<div class=\"wp-block-column is-layout-flow wp-block-column-is-layout-flow\">\n<div class=\"wp-block-group\"><div class=\"wp-block-group__inner-container is-layout-flow wp-block-group-is-layout-flow\">\n<p><strong>Mac Donald&rsquo;s &#8211; L&rsquo;Union (31)<\/strong><\/p>\n\n\n\n<p class=\"has-text-color\" style=\"color:#999999\"><em>Aout 2015 &#8211; Juillet 2016<\/em><\/p>\n\n\n\n<p>Equipier Polyvalent<\/p>\n<\/div><\/div>\n<\/div>\n<\/div>\n\n\n\n<div class=\"wp-block-columns is-layout-flex wp-container-core-columns-is-layout-28f84493 wp-block-columns-is-layout-flex\">\n<div class=\"wp-block-column is-layout-flow wp-block-column-is-layout-flow\">\n<div class=\"wp-block-group\"><div class=\"wp-block-group__inner-container is-layout-flow wp-block-group-is-layout-flow\">\n<p><strong>Mairie &#8211; Langres (52)<\/strong><\/p>\n\n\n\n<p class=\"has-text-color\" style=\"color:#999999\"><em>F\u00e9vrier 2014<\/em><\/p>\n\n\n\n<p>Stage de deuxi\u00e8me ann\u00e9e de BTS en tant qu&rsquo;Administrateur Syst\u00e8mes et R\u00e9seaux<\/p>\n<\/div><\/div>\n<\/div>\n\n\n\n<div class=\"wp-block-column is-layout-flow wp-block-column-is-layout-flow\">\n<p><strong>MDH52 &#8211; Langres (52)<\/strong><\/p>\n\n\n\n<p class=\"has-text-color\" style=\"color:#999999\"><em>Juin 2013 puis Juin 2014 &#8211; Juillet 2014<\/em><\/p>\n\n\n\n<p>Stage de premi\u00e8re ann\u00e9e de BTS puis Technicien de maintenance informatique durant la p\u00e9riode estivale<\/p>\n<\/div>\n<\/div>\n\n\n\n<hr class=\"wp-block-separator has-alpha-channel-opacity\"\/>\n\n\n\n<div style=\"height:30px\" aria-hidden=\"true\" class=\"wp-block-spacer\"><\/div>\n\n\n\n<h2 class=\"wp-block-heading has-accent-color has-text-color has-large-font-size\"><strong>Comp\u00e9tences<\/strong><\/h2>\n\n\n\n<div class=\"wp-block-columns is-layout-flex wp-container-core-columns-is-layout-28f84493 wp-block-columns-is-layout-flex\">\n<div class=\"wp-block-column is-layout-flow wp-block-column-is-layout-flow\">\n<div class=\"wp-block-group\"><div class=\"wp-block-group__inner-container is-layout-flow wp-block-group-is-layout-flow\">\n<p><strong>Administration<\/strong><\/p>\n\n\n\n<p>Virtualisation de serveurs et de postes de travail (ESX, Nutanix, ProxMox, HyperV)<br>Administration de services : AD, Exchange, Radius, WDS, WSUS, Nains, Apache, Squid, &#8230;<br>Supervision par Centreon et Nagios<br>Administration de switchs L2\/L3 (Cisco, Ubiquiti, DLink, Alcatel, &#8230;)<br>Administration centralis\u00e9e d&rsquo;un syst\u00e8me WiFi DLink<br>Administration de base de donn\u00e9es (MySQL, PostgreSQL, MS SQL)<\/p>\n\n\n\n<p><strong>S\u00e9curit\u00e9 Informatique<\/strong><\/p>\n\n\n\n<p>Gestion de logs (Graylog, RSA NetWitness, Elastic)<br>Gestion d&rsquo;un SIEM (Elastic Security)<br>Administration d&rsquo;un NDR (Darktrace)<br>Administration de la solution antispam Cisco IronPort et MailInBlack (CyberCoack, Protect, CyberAcademy)<br>Administration d&rsquo;un cluster F5 BigIP<br>Administration de firewall Stormshield, Fortinet, PfSense<br>Administration d&rsquo;EDR (Sophos, BitDefender, SentinelOne)<\/p>\n\n\n\n<p><strong>S\u00e9curit\u00e9 Informatique (RSSI)<\/strong><\/p>\n\n\n\n<p>Cr\u00e9ation et \u00e9volutions des politiques de s\u00e9curit\u00e9<br>Cr\u00e9ation et \u00e9volution de la Politique de S\u00e9curit\u00e9 du Syst\u00e8me d&rsquo;Information, de la gestion de risque (EBIOS RM) et de la gestion de crise cyber<br>Mise en conformit\u00e9 du syst\u00e8me d&rsquo;information aux normes telles que NIS2<br>Homologations de s\u00e9curit\u00e9 de toutes les applications du syst\u00e8me d&rsquo;information<\/p>\n<\/div><\/div>\n<\/div>\n\n\n\n<div class=\"wp-block-column is-layout-flow wp-block-column-is-layout-flow\">\n<div class=\"wp-block-group\"><div class=\"wp-block-group__inner-container is-layout-flow wp-block-group-is-layout-flow\">\n<p><strong>Syst\u00e8mes<\/strong><\/p>\n\n\n\n<p>MacOS X, Windows (7, 10 &amp; 11), Windows Server (2012 &amp; ult\u00e9rieurs), Linux (CentOS, Ubuntu, RHEL, Solaris &amp; BSD (notions)), VMWare (ESX)<\/p>\n\n\n\n<p><strong>Langages<\/strong><\/p>\n\n\n\n<ul class=\"wp-block-list\">\n<li>HTML\/CSS<\/li>\n\n\n\n<li>PHP<\/li>\n\n\n\n<li>C<\/li>\n\n\n\n<li>C#<\/li>\n\n\n\n<li>VBS<\/li>\n\n\n\n<li>MySQL<\/li>\n\n\n\n<li>Shell<\/li>\n\n\n\n<li>Powershell (notions)<\/li>\n\n\n\n<li>LaTeX (notions)<\/li>\n<\/ul>\n<\/div><\/div>\n\n\n\n<div class=\"wp-block-group\"><div class=\"wp-block-group__inner-container is-layout-flow wp-block-group-is-layout-flow\">\n<p><strong>Relationnel<\/strong><\/p>\n\n\n\n<ul class=\"wp-block-list\">\n<li>Esprit d&rsquo;\u00e9quipe<\/li>\n\n\n\n<li>Envie d&rsquo;apprendre et de partager<\/li>\n\n\n\n<li>Curieux<\/li>\n\n\n\n<li>Volontaire<\/li>\n\n\n\n<li>Motiv\u00e9<\/li>\n<\/ul>\n<\/div><\/div>\n\n\n\n<div class=\"wp-block-group\"><div class=\"wp-block-group__inner-container is-layout-flow wp-block-group-is-layout-flow\">\n<p><strong>Autres comp\u00e9tences<\/strong><\/p>\n\n\n\n<p>Fran\u00e7ais : Natif<br>Espagnol : Ecrit et parl\u00e9 (niveau C2)<br>Anglais : Ecrit et parl\u00e9 niveau professionnel (B2)<\/p>\n\n\n\n<p><strong>Autres comp\u00e9tences<\/strong><\/p>\n\n\n\n<p>Titulaire du permis de conduite (permis B)<br>Formation aux premiers secours<\/p>\n<\/div><\/div>\n<\/div>\n<\/div>\n\n\n\n<div class=\"wp-block-group\"><div class=\"wp-block-group__inner-container is-layout-flow wp-block-group-is-layout-flow\"><\/div><\/div>\n\n\n\n<hr class=\"wp-block-separator has-alpha-channel-opacity\"\/>\n\n\n\n<div style=\"height:30px\" aria-hidden=\"true\" class=\"wp-block-spacer\"><\/div>\n\n\n\n<div class=\"wp-block-group\"><div class=\"wp-block-group__inner-container is-layout-constrained wp-block-group-is-layout-constrained\">\n<h2 class=\"wp-block-heading has-accent-color has-text-color\">MOOCs &amp; Formations Professionnelles<\/h2>\n\n\n\n<h3 class=\"wp-block-heading\">MOOCs<\/h3>\n<\/div><\/div>\n\n\n\n<ul class=\"wp-block-list\">\n<li><strong>SecNumAcademy<\/strong> (ANSSI)<\/li>\n\n\n\n<li><strong>Bonnes pratiques ITIL<\/strong> (OpenClassRooms)<\/li>\n<\/ul>\n\n\n\n<h3 class=\"wp-block-heading\"><strong>Formations Professionnelles<\/strong><\/h3>\n\n\n\n<ul class=\"wp-block-list\">\n<li><strong>Microsoft 365 &#8211; Security administration&nbsp;<\/strong>(M2I Formation, Toulouse)<\/li>\n\n\n\n<li><strong>Prot\u00e9ger son SI contre les menaces dans le domaine industriel et spatial&nbsp;<\/strong>(Space Aero &#8211; Sopra Steria, Toulouse)<\/li>\n\n\n\n<li><strong>Formation incendie&nbsp;<\/strong>(Toulouse)<\/li>\n\n\n\n<li><strong>Analyste SOC&nbsp;<\/strong>(Nice)<\/li>\n<\/ul>\n\n\n\n<hr class=\"wp-block-separator has-alpha-channel-opacity\"\/>\n\n\n\n<h3 class=\"wp-block-heading\"><strong>En cours<\/strong><\/h3>\n\n\n\n<ul class=\"wp-block-list\">\n<li><strong>System Security Certified Practitioner<\/strong> (ISC2)<\/li>\n\n\n\n<li><strong>ISO 27001 Lead Implementer<\/strong><\/li>\n\n\n\n<li>Formation<strong> ElasticSearch Engineer<\/strong> et <strong>Elastic Security for SIEM<\/strong> (Elastic)<\/li>\n<\/ul>\n","protected":false},"excerpt":{"rendered":"<p>Un aper\u00e7u de mon CV&#8230; Si vous souhaitez avoir mon CV au format PDF et plus d\u00e9taill\u00e9, vous pouvez me contacter via le formulaire de la page contact. Je vous transmettrais alors par mail le CV. Pour en savoir plus Issu d&rsquo;un baccalaur\u00e9at Scientifique option SVT, je me suis d&rsquo;abord [&hellip;]<\/p>\n","protected":false},"author":1,"featured_media":25,"parent":0,"menu_order":0,"comment_status":"closed","ping_status":"closed","template":"","meta":{"_themeisle_gutenberg_block_has_review":false,"footnotes":""},"class_list":["post-107","page","type-page","status-publish","has-post-thumbnail","hentry"],"_links":{"self":[{"href":"https:\/\/tkrug.fr\/index.php\/wp-json\/wp\/v2\/pages\/107","targetHints":{"allow":["GET"]}}],"collection":[{"href":"https:\/\/tkrug.fr\/index.php\/wp-json\/wp\/v2\/pages"}],"about":[{"href":"https:\/\/tkrug.fr\/index.php\/wp-json\/wp\/v2\/types\/page"}],"author":[{"embeddable":true,"href":"https:\/\/tkrug.fr\/index.php\/wp-json\/wp\/v2\/users\/1"}],"replies":[{"embeddable":true,"href":"https:\/\/tkrug.fr\/index.php\/wp-json\/wp\/v2\/comments?post=107"}],"version-history":[{"count":14,"href":"https:\/\/tkrug.fr\/index.php\/wp-json\/wp\/v2\/pages\/107\/revisions"}],"predecessor-version":[{"id":296,"href":"https:\/\/tkrug.fr\/index.php\/wp-json\/wp\/v2\/pages\/107\/revisions\/296"}],"wp:featuredmedia":[{"embeddable":true,"href":"https:\/\/tkrug.fr\/index.php\/wp-json\/"}],"wp:attachment":[{"href":"https:\/\/tkrug.fr\/index.php\/wp-json\/wp\/v2\/media?parent=107"}],"curies":[{"name":"wp","href":"https:\/\/api.w.org\/{rel}","templated":true}]}}