{"id":70,"date":"2023-05-07T13:32:00","date_gmt":"2023-05-07T11:32:00","guid":{"rendered":"https:\/\/tkrug.fr\/?page_id=70"},"modified":"2025-07-25T17:07:07","modified_gmt":"2025-07-25T15:07:07","slug":"accueil","status":"publish","type":"page","link":"https:\/\/tkrug.fr\/","title":{"rendered":"Accueil"},"content":{"rendered":"\n<div class=\"wp-block-cover alignfull is-light hestia-clear-top-padding\"><span aria-hidden=\"true\" class=\"wp-block-cover__background has-white-background-color has-background-dim-100 has-background-dim\"><\/span><div class=\"wp-block-cover__inner-container is-layout-flow wp-block-cover-is-layout-flow\">\n<h2 class=\"wp-block-heading has-text-align-center has-text-color\" style=\"color:#3c4858\">Quelques comp\u00e9tences<\/h2>\n\n\n\n<div style=\"height:40px\" aria-hidden=\"true\" class=\"wp-block-spacer\"><\/div>\n\n\n\n<div class=\"wp-block-columns container is-layout-flex wp-container-core-columns-is-layout-28f84493 wp-block-columns-is-layout-flex\">\n<div class=\"wp-block-column is-layout-flow wp-block-column-is-layout-flow\"><div class=\"wp-block-image\">\n<figure class=\"aligncenter size-large\"><img decoding=\"async\" src=\"https:\/\/tkrug.fr\/wp-content\/themes\/hestia\/assets\/img\/feat1.png\" alt=\"\" class=\"wp-image-70\"\/><\/figure>\n<\/div>\n\n\n<h5 class=\"wp-block-heading has-text-align-center has-text-color\" style=\"color:#3c4858;font-size:18px\">Administration Syst\u00e8mes et R\u00e9seaux<\/h5>\n\n\n\n<p class=\"has-text-align-center has-text-color\" style=\"color:#999999;font-size:14px\">Administration de parc de PC sous Windows, Linux et Mac OS X<\/p>\n\n\n\n<p class=\"has-text-align-center has-text-color\" style=\"color:#999999;font-size:14px\">Administration de parc de serveurs sous Windows, Linux (CentOS, RHEL, Ubuntu, Solaris) et MacOS Server<\/p>\n\n\n\n<p class=\"has-text-align-center has-text-color\" style=\"color:#999999;font-size:14px\">Administration d&rsquo;hyperviseurs sous VMWare vSphere, MS HyperV, Nutanix AOS, ProxMox <\/p>\n\n\n\n<p class=\"has-text-align-center has-text-color\" style=\"color:#999999;font-size:14px\">Supervision du parc sous Centr\u00e9on et Nagios<\/p>\n\n\n\n<p class=\"has-text-color\" style=\"color:#999999;font-size:14px\">Administration de switchs L2\/L3 Cisco, DLink, Netgear, Alcatel et Ubiquiti<\/p>\n\n\n\n<p class=\"has-text-color\" style=\"color:#999999;font-size:14px\">Administration centralis\u00e9e d&rsquo;un syst\u00e8me WiFi DLink<\/p>\n\n\n\n<p class=\"has-text-color\" style=\"color:#999999;font-size:14px\">Administration de services : AD, DNS, DHCP, Exchange, Apache, Nains, &#8230;<\/p>\n\n\n\n<p class=\"has-text-color\" style=\"color:#999999;font-size:14px\">Administration de base de donn\u00e9es (MySQL, PostgreSQL, MS SQL)<\/p>\n\n\n\n<div style=\"height:25px\" aria-hidden=\"true\" class=\"wp-block-spacer\"><\/div>\n<\/div>\n\n\n\n<div class=\"wp-block-column is-layout-flow wp-block-column-is-layout-flow\"><div class=\"wp-block-image\">\n<figure class=\"aligncenter size-large\"><img decoding=\"async\" src=\"https:\/\/tkrug.fr\/wp-content\/themes\/hestia\/assets\/img\/feat2.png\" alt=\"\" class=\"wp-image-71\"\/><\/figure>\n<\/div>\n\n\n<h5 class=\"wp-block-heading has-text-align-center has-text-color\" style=\"color:#3c4858;font-size:18px\">S\u00e9curit\u00e9<\/h5>\n\n\n\n<p class=\"has-text-align-center has-text-color\" style=\"color:#999999;font-size:14px\">Administration de syst\u00e8mes de gestion des logs (Graylog, RSA NetWitness, ElasticSearch)<\/p>\n\n\n\n<p class=\"has-text-align-center has-text-color\" style=\"color:#999999;font-size:14px\">Administration de SIEM : Elastic Security<\/p>\n\n\n\n<p class=\"has-text-align-center has-text-color\" style=\"color:#999999;font-size:14px\">Administration d&rsquo;appliances de s\u00e9curit\u00e9 telles que F5 BigIP, Cisco IronPort, HA Proxy, &#8230;<\/p>\n\n\n\n<p class=\"has-text-align-center has-text-color\" style=\"color:#999999;font-size:14px\">Administration d&rsquo;un NDR : Darktrace<\/p>\n\n\n\n<p class=\"has-text-align-center has-text-color\" style=\"color:#999999;font-size:14px\">Administration d&rsquo;un IPS : Suricata<\/p>\n\n\n\n<div style=\"height:25px\" aria-hidden=\"true\" class=\"wp-block-spacer\"><\/div>\n<\/div>\n\n\n\n<div class=\"wp-block-column is-layout-flow wp-block-column-is-layout-flow\"><div class=\"wp-block-image\">\n<figure class=\"aligncenter size-large\"><img decoding=\"async\" src=\"https:\/\/tkrug.fr\/wp-content\/themes\/hestia\/assets\/img\/feat3.png\" alt=\"\" class=\"wp-image-72\"\/><\/figure>\n<\/div>\n\n\n<h5 class=\"wp-block-heading has-text-align-center has-text-color\" style=\"color:#3c4858;font-size:18px\">Responsable de la S\u00e9curit\u00e9 du Syst\u00e8me d&rsquo;Information<\/h5>\n\n\n\n<p class=\"has-text-align-center has-text-color\" style=\"color:#999999;font-size:14px\">Cr\u00e9ation d&rsquo;une roadmap pour l&rsquo;impl\u00e9mentation de la s\u00e9curit\u00e9 du SI<\/p>\n\n\n\n<p class=\"has-text-align-center has-text-color\" style=\"color:#999999;font-size:14px\">Cr\u00e9ation et \u00e9volution de politiques de s\u00e9curit\u00e9 (mots de passe, updates, &#8230;.)<\/p>\n\n\n\n<p class=\"has-text-align-center has-text-color\" style=\"color:#999999;font-size:14px\">Cr\u00e9ation de la gestion de risques avec les proc\u00e9dures en cas d&rsquo;incident, et la gestion de crise<\/p>\n\n\n\n<p class=\"has-text-align-center has-text-color\" style=\"color:#999999;font-size:14px\">Cr\u00e9ation de la Politique de S\u00e9curit\u00e9 du Syst\u00e8me d&rsquo;Information (PSSI)<\/p>\n\n\n\n<p class=\"has-text-align-center has-text-color\" style=\"color:#999999;font-size:14px\">Mise en conformit\u00e9 avec la norme NIS2<\/p>\n\n\n\n<p class=\"has-text-color\" style=\"color:#999999;font-size:14px\">Suivi de la s\u00e9curit\u00e9 des diff\u00e9rents projets informatiques et homologation des services (ANSSI)<\/p>\n\n\n\n<div style=\"height:25px\" aria-hidden=\"true\" class=\"wp-block-spacer\"><\/div>\n<\/div>\n<\/div>\n\n\n\n<div style=\"height:40px\" aria-hidden=\"true\" class=\"wp-block-spacer\"><\/div>\n<\/div><\/div>\n\n\n\n<div class=\"wp-block-columns container is-layout-flex wp-container-core-columns-is-layout-28f84493 wp-block-columns-is-layout-flex\">\n<div class=\"wp-block-column col-md-5 is-layout-flow wp-block-column-is-layout-flow\">\n<div style=\"height:55px\" aria-hidden=\"true\" class=\"wp-block-spacer\"><\/div>\n\n\n\n<h2 class=\"wp-block-heading\">Des questions ? <\/h2>\n\n\n\n<p>N&rsquo;h\u00e9sitez pas \u00e0 consulter mon CV, accessible depuis le menu principal, ou \u00e0 me contacter par le formulaire ci-dessous<\/p>\n\n\n\n<hr class=\"wp-block-separator has-alpha-channel-opacity\"\/>\n\n\n\n<p class=\"o-typing-delay-500ms\" style=\"font-size:25px\"><strong><o-anim-typing>Actuellement \u00e0 la recherche d&rsquo;un travail en full t\u00e9l\u00e9travail ou d&rsquo;un travail depuis le Mexique<\/o-anim-typing><\/strong><\/p>\n\n\n\n<hr class=\"wp-block-separator has-alpha-channel-opacity\"\/>\n<\/div>\n\n\n\n<div class=\"wp-block-column col-md-6 col-md-offset1 is-layout-flow wp-block-column-is-layout-flow\">\n<div style=\"height:55px\" aria-hidden=\"true\" class=\"wp-block-spacer\"><\/div>\n\n\n\n<figure class=\"wp-block-image size-full is-resized\"><img loading=\"lazy\" decoding=\"async\" width=\"835\" height=\"835\" src=\"https:\/\/tkrug.fr\/wp-content\/uploads\/2025\/07\/toppng.com-question-png-1600x1600-1.png\" alt=\"\" class=\"wp-image-290\" style=\"width:294px;height:auto\" srcset=\"https:\/\/tkrug.fr\/wp-content\/uploads\/2025\/07\/toppng.com-question-png-1600x1600-1.png 835w, https:\/\/tkrug.fr\/wp-content\/uploads\/2025\/07\/toppng.com-question-png-1600x1600-1-300x300.png 300w, https:\/\/tkrug.fr\/wp-content\/uploads\/2025\/07\/toppng.com-question-png-1600x1600-1-150x150.png 150w, https:\/\/tkrug.fr\/wp-content\/uploads\/2025\/07\/toppng.com-question-png-1600x1600-1-768x768.png 768w\" sizes=\"auto, (max-width: 835px) 100vw, 835px\" \/><\/figure>\n\n\n\n<p><\/p>\n<\/div>\n<\/div>\n\n\n\n<p><\/p>\n","protected":false},"excerpt":{"rendered":"<p>Des questions ? N&rsquo;h\u00e9sitez pas \u00e0 consulter mon CV, accessible depuis le menu principal, ou \u00e0 me contacter par le formulaire ci-dessous Actuellement \u00e0 la recherche d&rsquo;un travail en full t\u00e9l\u00e9travail ou d&rsquo;un travail depuis le Mexique<\/p>\n","protected":false},"author":1,"featured_media":116,"parent":0,"menu_order":0,"comment_status":"closed","ping_status":"closed","template":"","meta":{"_themeisle_gutenberg_block_has_review":false,"footnotes":""},"class_list":["post-70","page","type-page","status-publish","has-post-thumbnail","hentry"],"_links":{"self":[{"href":"https:\/\/tkrug.fr\/index.php\/wp-json\/wp\/v2\/pages\/70","targetHints":{"allow":["GET"]}}],"collection":[{"href":"https:\/\/tkrug.fr\/index.php\/wp-json\/wp\/v2\/pages"}],"about":[{"href":"https:\/\/tkrug.fr\/index.php\/wp-json\/wp\/v2\/types\/page"}],"author":[{"embeddable":true,"href":"https:\/\/tkrug.fr\/index.php\/wp-json\/wp\/v2\/users\/1"}],"replies":[{"embeddable":true,"href":"https:\/\/tkrug.fr\/index.php\/wp-json\/wp\/v2\/comments?post=70"}],"version-history":[{"count":4,"href":"https:\/\/tkrug.fr\/index.php\/wp-json\/wp\/v2\/pages\/70\/revisions"}],"predecessor-version":[{"id":293,"href":"https:\/\/tkrug.fr\/index.php\/wp-json\/wp\/v2\/pages\/70\/revisions\/293"}],"wp:featuredmedia":[{"embeddable":true,"href":"https:\/\/tkrug.fr\/index.php\/wp-json\/wp\/v2\/media\/116"}],"wp:attachment":[{"href":"https:\/\/tkrug.fr\/index.php\/wp-json\/wp\/v2\/media?parent=70"}],"curies":[{"name":"wp","href":"https:\/\/api.w.org\/{rel}","templated":true}]}}